{"id":1280,"date":"2020-12-12T13:22:48","date_gmt":"2020-12-12T13:22:48","guid":{"rendered":"https:\/\/temp.dakira.se\/?page_id=1280"},"modified":"2020-12-12T13:42:25","modified_gmt":"2020-12-12T13:42:25","slug":"nytt-jobb","status":"publish","type":"page","link":"https:\/\/temp.dakira.se\/?page_id=1280","title":{"rendered":"Nytt jobb"},"content":{"rendered":"\t\t<div data-elementor-type=\"wp-page\" data-elementor-id=\"1280\" class=\"elementor elementor-1280\" data-elementor-settings=\"[]\">\n\t\t\t\t\t\t<div class=\"elementor-inner\">\n\t\t\t\t\t\t\t<div class=\"elementor-section-wrap\">\n\t\t\t\t\t\t\t<section class=\"elementor-section elementor-top-section elementor-element elementor-element-fe18dca elementor-section-boxed elementor-section-height-default elementor-section-height-default\" data-id=\"fe18dca\" data-element_type=\"section\">\n\t\t\t\t\t\t<div class=\"elementor-container elementor-column-gap-default\">\n\t\t\t\t\t\t\t<div class=\"elementor-row\">\n\t\t\t\t\t<div class=\"elementor-column elementor-col-100 elementor-top-column elementor-element elementor-element-45c64ac\" data-id=\"45c64ac\" data-element_type=\"column\">\n\t\t\t<div class=\"elementor-column-wrap elementor-element-populated\">\n\t\t\t\t\t\t\t<div class=\"elementor-widget-wrap\">\n\t\t\t\t\t\t<div class=\"elementor-element elementor-element-0e053b6 elementor-widget elementor-widget-heading\" data-id=\"0e053b6\" data-element_type=\"widget\" data-widget_type=\"heading.default\">\n\t\t\t\t<div class=\"elementor-widget-container\">\n\t\t\t<h2 class=\"elementor-heading-title elementor-size-default\">Nedan presenteras de tj\u00e4nster som vi f\u00f6r tillf\u00e4llet s\u00f6ker<\/h2>\t\t<\/div>\n\t\t\t\t<\/div>\n\t\t\t\t\t\t<\/div>\n\t\t\t\t\t<\/div>\n\t\t<\/div>\n\t\t\t\t\t\t\t\t<\/div>\n\t\t\t\t\t<\/div>\n\t\t<\/section>\n\t\t\t\t<section class=\"elementor-section elementor-top-section elementor-element elementor-element-ea76594 elementor-section-boxed elementor-section-height-default elementor-section-height-default\" data-id=\"ea76594\" data-element_type=\"section\">\n\t\t\t\t\t\t<div class=\"elementor-container elementor-column-gap-default\">\n\t\t\t\t\t\t\t<div class=\"elementor-row\">\n\t\t\t\t\t<div class=\"elementor-column elementor-col-100 elementor-top-column elementor-element elementor-element-e5aa2c0\" data-id=\"e5aa2c0\" data-element_type=\"column\">\n\t\t\t<div class=\"elementor-column-wrap elementor-element-populated\">\n\t\t\t\t\t\t\t<div class=\"elementor-widget-wrap\">\n\t\t\t\t\t\t<div class=\"elementor-element elementor-element-e7e8a3d elementor-widget elementor-widget-text-editor\" data-id=\"e7e8a3d\" data-element_type=\"widget\" id=\"nytt_jobb\" data-widget_type=\"text-editor.default\">\n\t\t\t\t<div class=\"elementor-widget-container\">\n\t\t\t\t\t<div class=\"elementor-text-editor elementor-clearfix\"><p><em>Just nu \u00e4r vi i ett expansivt skede och f\u00f6r att f\u00f6rebygga\u00a0<\/em><em>att vi inte klarar av att m\u00f6ta v\u00e5ra samarbetspartners krav s\u00e5 beh\u00f6ver vi tills\u00e4tta en mont\u00f6r.<\/em><\/p><p>Du skall helst ha befunnit dig p\u00e5 en byggarbetsplats f\u00f6r att veta hur man skall bete sig. Vi ser mer \u00e4n g\u00e4rna kvinnliga s\u00f6kanden!<\/p><p>Din utbildning \u00e4r inte h\u00f6gsta prio, h\u00e4r g\u00e5r vi p\u00e5 panna och personkemi. Det \u00e4r viktigt att du kommer in i gruppen p\u00e5 ett bra s\u00e4tt.<\/p><ul><li>Du b\u00f6r ha k\u00f6rkort minst beh\u00f6righet B<\/li><li>\u00d6ga f\u00f6r detaljer och vara nogrann<\/li><li>G\u00e4rna en sportig t\u00e4vlingsm\u00e4nniska med en vilja att jobba under press<br \/>f\u00f6r att klara deadline.<\/li><li>D\u00e5 arbetet \u00e4r fysiskt men inte j\u00e4ttebelastande s\u00e5 ser vi g\u00e4rna att<br \/>du har en fysik som klarar trappor och emellan\u00e5t lite tyngre lyft.<\/li><\/ul><p>Dina arbetsuppgifter kommer att best\u00e5 av montage av inredningssnickerier p\u00e5 mestadels nybyggnationer, och har du kunskap och erfarenhet av att montera k\u00f6k ses det som meriterande.<\/p><p>Vi utg\u00e5r fr\u00e5n G\u00f6teborg men resor kan f\u00f6rekomma, men v\u00e4ldigt sporadiskt.<br \/>Skicka g\u00e4rna in din ans\u00f6kan till\u00a0<a href=\"mailto:daniel@truppmontage.se\">daniel@truppmontage.se<\/a><\/p><p><em><strong>Om f\u00f6retaget<\/strong><\/em>:<\/p><p>Med egna mont\u00f6rer skall vi ta hand om hela l\u00e4genheten efter att golvl\u00e4ggaren lagt sitt golv, s\u00e5 att entrepren\u00f6ren endast har<br \/>en underentrepren\u00f6r som sk\u00f6ter snickeriarbetet. Alla p\u00e5 f\u00f6retaget har ID06 och vi har kollektivavtal med Byggnads.<br \/>Vi \u00e4r i dagsl\u00e4get 6 st p\u00e5 f\u00f6retaget, varav 5 stycken \u00e4r ute p\u00e5 f\u00e4lt. Vi finns bemannade i G\u00f6teborg och Malm\u00f6<\/p><\/div>\n\t\t\t\t<\/div>\n\t\t\t\t<\/div>\n\t\t\t\t\t\t<\/div>\n\t\t\t\t\t<\/div>\n\t\t<\/div>\n\t\t\t\t\t\t\t\t<\/div>\n\t\t\t\t\t<\/div>\n\t\t<\/section>\n\t\t\t\t<section class=\"elementor-section elementor-top-section elementor-element elementor-element-e807462 elementor-section-boxed elementor-section-height-default elementor-section-height-default\" data-id=\"e807462\" data-element_type=\"section\">\n\t\t\t\t\t\t<div class=\"elementor-container elementor-column-gap-default\">\n\t\t\t\t\t\t\t<div class=\"elementor-row\">\n\t\t\t\t\t<div class=\"elementor-column elementor-col-100 elementor-top-column elementor-element elementor-element-6ec2493\" data-id=\"6ec2493\" data-element_type=\"column\">\n\t\t\t<div class=\"elementor-column-wrap elementor-element-populated\">\n\t\t\t\t\t\t\t<div class=\"elementor-widget-wrap\">\n\t\t\t\t\t\t<div class=\"elementor-element elementor-element-f8a678f elementor-widget elementor-widget-button\" data-id=\"f8a678f\" data-element_type=\"widget\" data-widget_type=\"button.default\">\n\t\t\t\t<div class=\"elementor-widget-container\">\n\t\t\t\t\t<div class=\"elementor-button-wrapper\">\n\t\t\t<a href=\"http:\/\/temp.dakira.se\" class=\"elementor-button-link elementor-button elementor-size-sm\" role=\"button\">\n\t\t\t\t\t\t<span class=\"elementor-button-content-wrapper\">\n\t\t\t\t\t\t<span class=\"elementor-button-text\">Tillbaka<\/span>\n\t\t<\/span>\n\t\t\t\t\t<\/a>\n\t\t<\/div>\n\t\t\t\t<\/div>\n\t\t\t\t<\/div>\n\t\t\t\t\t\t<\/div>\n\t\t\t\t\t<\/div>\n\t\t<\/div>\n\t\t\t\t\t\t\t\t<\/div>\n\t\t\t\t\t<\/div>\n\t\t<\/section>\n\t\t\t\t\t\t<\/div>\n\t\t\t\t\t\t<\/div>\n\t\t\t\t\t<\/div>\n\t\t","protected":false},"excerpt":{"rendered":"<p>Nedan presenteras de tj\u00e4nster som vi f\u00f6r tillf\u00e4llet s\u00f6ker Just nu \u00e4r vi i ett expansivt skede och f\u00f6r att f\u00f6rebygga\u00a0att vi inte klarar av att m\u00f6ta v\u00e5ra samarbetspartners krav s\u00e5 beh\u00f6ver vi tills\u00e4tta en mont\u00f6r. Du skall helst ha befunnit dig p\u00e5 en byggarbetsplats f\u00f6r att veta hur man skall bete sig. Vi ser [&hellip;]<\/p>\n","protected":false},"author":1,"featured_media":0,"parent":0,"menu_order":0,"comment_status":"closed","ping_status":"closed","template":"elementor_header_footer","meta":[],"_links":{"self":[{"href":"https:\/\/temp.dakira.se\/index.php?rest_route=\/wp\/v2\/pages\/1280"}],"collection":[{"href":"https:\/\/temp.dakira.se\/index.php?rest_route=\/wp\/v2\/pages"}],"about":[{"href":"https:\/\/temp.dakira.se\/index.php?rest_route=\/wp\/v2\/types\/page"}],"author":[{"embeddable":true,"href":"https:\/\/temp.dakira.se\/index.php?rest_route=\/wp\/v2\/users\/1"}],"replies":[{"embeddable":true,"href":"https:\/\/temp.dakira.se\/index.php?rest_route=%2Fwp%2Fv2%2Fcomments&post=1280"}],"version-history":[{"count":10,"href":"https:\/\/temp.dakira.se\/index.php?rest_route=\/wp\/v2\/pages\/1280\/revisions"}],"predecessor-version":[{"id":1292,"href":"https:\/\/temp.dakira.se\/index.php?rest_route=\/wp\/v2\/pages\/1280\/revisions\/1292"}],"wp:attachment":[{"href":"https:\/\/temp.dakira.se\/index.php?rest_route=%2Fwp%2Fv2%2Fmedia&parent=1280"}],"curies":[{"name":"wp","href":"https:\/\/api.w.org\/{rel}","templated":true}]}}